mposite number?
False
Let h(s) = -20*s - 12*s - 60*s - 5. Is h(-8) prime?
False
Suppose 128 = 7*z + 9*z. Let q(s) be the first derivative of -s**2/2 + 18*s - 1. Is q(z) a prime number?
False
Let x = 77 + 70. Let k = 232 + x. Is k composite?
False
Let o be (26/(-13))/((-2)/340). Let q = o - 117. Is q a prime number?
True
Let p(y) = 12*y + 13. Let i(b) = 12*b + 13. Let x(v) = 3*i(v) - 2*p(v). Is x(14) composite?
False
Suppose 3*b + b = 2928. Let j = b + 479. Is j a prime number?
False
Is (-3)/2*3*(-9608)/12 a composite number?
True
Let c(a) = 9*a**2 - 19*a + 10. Let d(x) = 17*x**2 - 37*x + 19. Let f(w) = 7*c(w) - 3*d(w). Is f(9) a composite number?
False
Let l be -49*-3*2/6. Is 14/l + 73*(-53)/(-7) a composite number?
True
Let q be ((-194)/(-5))/(4/10). Let k be q*1 + (15 - 11). Let c = -64 + k. Is c prime?
True
Let d be -1 + 9 - 6 - (-14)/1. Suppose 0*c + 5*c = 4*m + 2669, 4*m - d = 0. Is c a prime number?
False
Let j = 25648 - 6261. Is j prime?
True
Let a(w) = 3455*w + 33. Is a(4) a prime number?
False
Let c(g) = -4*g**3 + 25*g**2 + 6*g - 6. Is c(-10) prime?
False
Let w(n) = 0*n + 3*n - 7*n + 2 - n. Let l be w(-1). Suppose 11*s = l*s + 1228. Is s prime?
True
Suppose -3*t = -5*l - 3773, -2*t + l = 2 - 2522. Is t a prime number?
False
Suppose 3*m = -5*x + 43, 0*m - 2*m - 52 = -4*x. Suppose 0 = -4*k + 1 + x. Suppose k*p - 4*o - 221 = o, -130 = -2*p - o. Is p composite?
False
Let y(n) = 2*n**3 - 9*n**2 + 12*n - 6. Let u(z) = 6*z**3 - 26*z**2 + 35*z - 19. Let d(s) = 3*u(s) - 8*y(s). Let j be d(7). Suppose -a = a - j. Is a composite?
False
Let s(g) = -2 + 1 + 0*g - 2 + g**2 + g. Let o be s(-3). Let k(l) = 31*l - 2. Is k(o) a prime number?
False
Suppose -d - 4*d = 360. Let s = d - -341. Is s a prime number?
True
Let c(b) = -b**3 + 5*b**2 + 4*b - 4. Let v be c(5). Suppose 0 = z - 54 + v. Is z a composite number?
True
Suppose 2 = 4*n + 14. Let d be n - -192*(-4 - -2). Let t = -136 - d. Is t composite?
False
Suppose u - 33336 = -4*f, f - 3637 = u + 4692. Is f a prime number?
False
Is 220/(-45) + 5 - 427064/(-36) a prime number?
True
Suppose -3*z = 3*r - 6003, -8004 = -4*z + r - 0*r. Suppose z = 12*v - 1659. Is v composite?
True
Let t = 3472 + -1298. Is t composite?
True
Let y = 36 + -34. Suppose -g + 3*v - 1910 = -3*g, -y*v = 3*g - 2865. Is g a composite number?
True
Let c = -927 - -3380. Is c composite?
True
Let i(w) = w**2 - 1. Let j(b) = 1436*b**2 + 9*b - 6. Let s(v) = 3*i(v) + j(v). Is s(1) composite?
False
Let q = 19017 - 10916. Is q composite?
False
Is ((-3640)/6 - 1)/(6/(-18)) a composite number?
False
Let b be ((-113)/2*8)/1. Let d = 859 + b. Is d composite?
True
Suppose -4*a = -772 - 2652. Suppose 0 = -2*q + 74 + a. Suppose q = 6*l - 3*l. Is l prime?
False
Let u(b) = -b**2 + 3*b - 8. Let a be u(8). Let y be (a/10)/((-3)/600). Is y/2 + 6 + -7 a prime number?
True
Suppose 2*h + 24 = 2*j + 4*h, 0 = 2*h - 2. Let l(g) = g**3 - 12*g**2 + 11*g + 4. Let n be l(j). Is (19/(-2))/(n/(-24)) prime?
False
Let l = 15685 - 10976. Is l prime?
False
Suppose 0 = 5*k + 3*w - 82744, -11*k - w = -6*k - 82738. Is k a composite number?
False
Let t = 2906 - -2133. Is t composite?
False
Let s be (-11)/(-44) - 24703/(-4). Suppose -5*o = -s - 1394. Is o a composite number?
True
Let o(j) = 4*j**2 - 8 - 10*j**2 + 3*j + 5*j + 13 + j**3. Is o(6) composite?
False
Let b(i) = 63*i**2 - 44*i + 23. Is b(-16) a composite number?
True
Let f(g) = -g**2 - 5*g - 4. Suppose 14 = -5*a - 6. Let q be f(a). Is (2 - 2) + q + 83 a prime number?
True
Let y = -1230 - -3397. Is y prime?
False
Suppose 0*n - 12 = 4*n, -d = -5*n - 888. Suppose 4*k = 7*k - d. Is k a prime number?
False
Let o(z) = z**3 + z**2 + 178. Let x be o(0). Let a = x + 225. Is a prime?
False
Let t(c) = -2*c**3 - 17*c**2 - 5*c + 13. Let l be t(-9). Let f = l - -22. Is f composite?
True
Suppose b + 5 = 9. Let g(i) = i**2 - 4*i. Let o be g(5). Suppose -o*l + 2213 + 352 = 4*a, b*a + 2016 = 4*l. Is l a prime number?
True
Let r(h) = -23*h**2 - 2*h + 6. Let n be r(-3). Let b be -2 - (-2100)/(1 - -2). Let x = b + n. Is x composite?
False
Let s(n) = n**3 - 2*n**2 + 2*n + 4. Let j be s(3). Suppose j*l = 20*l - 1823. Is l composite?
False
Suppose 1834 + 566 = 5*o. Suppose u - 7 = o. Is u prime?
True
Let z = -1392 + 1958. Is z a composite number?
True
Let v(k) be the first derivative of 55*k**3/3 + 7*k**2/2 - 13*k - 21. Is v(4) composite?
True
Let m = 12474 + -17782. Let z = m - -8895. Is z a prime number?
False
Suppose -37*w = 17*w - 2911302. Is w a composite number?
True
Suppose -2 = r + 2*g - 5*g, 3*r = 5*g + 2. Suppose r*x - 430 = -2*b, -2*b + 644 = x + 214. Suppose -3*q + 2270 = b. Is q a prime number?
False
Suppose -1 = -2*k - j + 2, -2 = -5*k + 3*j. Let l(s) = 1087*s**3 - 2*s**2 + 2. Is l(k) prime?
True
Suppose 4*j + 4*j - 4*j = 0. Suppose j = -5*z - z + 1524. Is z a composite number?
True
Suppose 63*g - 20 = 61*g. Is (-6)/(g/5)*-71 composite?
True
Suppose 25*l = 365334 + 142841. Is l a prime number?
True
Let j be (-4)/2 - (1 - 3). Suppose 0 = g - j - 2. Suppose -4*m + 79 = o - m, -o + 99 = -g*m. Is o prime?
False
Suppose u - 915 - 1895 = 0. Suppose -m + f = -0*f - u, f - 11225 = -4*m. Is m a prime number?
False
Suppose i = -65 + 192. Is i prime?
True
Let l(z) = -195*z - 4. Let o(c) = 195*c + 5. Let g(n) = 6*l(n) + 7*o(n). Is g(4) prime?
False
Suppose 2*l = -b - 2, b + 4 = l - b. Let g(i) = -i + 5*i**2 + l*i**2 + 5 + 2 - 2. Is g(-9) a prime number?
True
Let d = -7 + 7. Let u(q) = -q**2 + 1045. Let n be u(0). Suppose -4*j - j + n = d. Is j prime?
False
Suppose -52 = -4*o + 4*y, -3*o - 2*y + 39 = -0*y. Let r = o - 13. Suppose -261 = -3*l + 4*t, t + 4*t = r. Is l a composite number?
True
Let k(a) = -11*a - 10. Let p be k(-2). Suppose -p*t + 26750 = 566. Is t composite?
True
Let h(n) = -19*n - 25. Let b be h(-6). Let l(f) = 85*f - 2. Let j be l(2). Let w = j - b. Is w prime?
True
Let n(l) = -l**2 + 8*l - 5. Let p be n(7). Suppose -3*q + 15 = p*q. Suppose -q*i + 10*i - 1561 = 0. Is i a composite number?
False
Suppose 16*g + 4861 = 17*g. Is g a composite number?
False
Suppose 2*i = 5*h + 1470, 4*h + 2*i = i - 1176. Let d = h - -653. Is d composite?
False
Suppose -5*i + 5 = -15. Let z be i - (4 - (-2 + 488)). Suppose 5*q + 4*f = 3*q + z, -f + 1233 = 5*q. Is q prime?
False
Suppose -3*l - 6 = 2*r - 0*l, 0 = -2*r - l - 2. Let t be (-254)/(-2)*(-1 + r). Let u = 196 + t. Is u prime?
False
Let x(a) = 4830*a + 647. Is x(10) composite?
False
Suppose -195*d = -192*d - 27273. Is d a prime number?
True
Let s(i) be the second derivative of 13*i**4/6 + 5*i**3/6 + i**2 + 6*i. Is s(-3) prime?
False
Let t(s) = -2*s**2 + s + 7. Let r be t(-5). Let c = r + 26. Is c/(-33) - 842/(-6) a composite number?
True
Let u be -2 - (-4 + 3)*1. Is (-1732 - 0)*u/(8/4) a composite number?
True
Is (-64)/(-80) - (-145561)/5 a prime number?
False
Suppose -16 = t + t. Let r(p) = -p - 4. Let x be r(t). Let w(k) = 13*k + 3. Is w(x) a prime number?
False
Suppose -23*o = -4*o - 43567. Is o prime?
True
Suppose -2*q = -18*f + 13*f - 146829, -q + 73419 = 2*f. Is q prime?
True
Suppose 3 = -5*g + 2*g. Let k be (13/(-2) + 5)/(6/32). Is ((-460)/k)/(g/(-2)) a composite number?
True
Let s = -51 + 103. Let o be (s/(-16))/(2/(-24)). Suppose -2*l - y = -139 + o, 0 = -4*l + y + 194. Is l composite?
True
Suppose 4*m + 24 = m. Suppose -5*f = -2*z - 102, 4*f + 11 - 96 = 5*z. Is 1042/(-5)*f/m a composite number?
False
Let t(w) = 282*w**2 + 35*w + 46. Is t(-7) a prime number?
True
Let v be 0 + 2/(-2)*2. Let s be (9 + -3)/(v + 4). Suppose -a - 2*b + 4*b = -123, -s*a = -5*b - 372. Is a composite?
True
Let x(i) = -4*i**3 + 4*i**2 - 2*i - 101. Is x(-12) a prime number?
True
Let u(j) = 82*j + 15. Suppose 55*z - 50*z - 70 = 0. Is u(z) a composite number?
False
Let s(n) = -140*n**2 - 1. Let t be s(4). Let i be t/6*(3 - 7). Suppose -i = -6*p + 2052. Is p a prime number?
False
Let t = 5552 - 2659. Is t a composite number?
True
Suppose -22*h = -15*h - 588. Let x = 247 - h. Is x a prime number?
True
Suppose 70 = 4*v - 202. Let o be (-3)/(3/(-4)) - -1. Suppose v = -o*b + 423. Is b composite?
False
Let k = 112534 + 8105. Is k composite?
True
Let x(n) = -17*n + 62. Is x(3) composite?
False
Suppose -3*q + 5409 = 4*x - 916, 5*q + 4780 = 3*x. Is (-1)/(3165/x - 2) a composite number?
False
Let k(r) = -2*r - 1